s divided by 1668.
119
Calculate the remainder when 2968 is divided by 423.
7
Calculate the remainder when 10326 is divided by 21.
15
What is the remainder when 21337 is divided by 207?
16
What is the remainder when 15131 is divided by 257?
225
What is the remainder when 164377 is divided by 3573?
19
Calculate the remainder when 1191330 is divided by 11.
8
Calculate the remainder when 15963 is divided by 2279.
10
Calculate the remainder when 24086 is divided by 3.
2
Calculate the remainder when 306715 is divided by 102234.
13
Calculate the remainder when 1223131 is divided by 1116.
1111
Calculate the remainder when 33059 is divided by 76.
75
What is the remainder when 630647 is divided by 460?
447
What is the remainder when 563 is divided by 10?
3
What is the remainder when 859524 is divided by 2342?
10
Calculate the remainder when 1007777 is divided by 202.
201
What is the remainder when 18233 is divided by 296?
177
What is the remainder when 404778 is divided by 406?
402
Calculate the remainder when 8323 is divided by 8029.
294
Calculate the remainder when 3211 is divided by 226.
47
What is the remainder when 16191 is divided by 4044?
15
What is the remainder when 19443 is divided by 6425?
168
What is the remainder when 7055 is divided by 617?
268
Calculate the remainder when 408 is divided by 129.
21
What is the remainder when 113797 is divided by 131?
89
What is the remainder when 9449 is divided by 4717?
15
Calculate the remainder when 1612 is divided by 508.
88
Calculate the remainder when 363 is divided by 226.
137
Calculate the remainder when 4744029 is divided by 10.
9
Calculate the remainder when 440913 is divided by 41.
40
What is the remainder when 57403 is divided by 856?
51
Calculate the remainder when 87248 is divided by 727.
8
Calculate the remainder when 70 is divided by 62.
8
Calculate the remainder when 590568 is divided by 10935.
78
Calculate the remainder when 24700 is divided by 115.
90
Calculate the remainder when 10653 is divided by 2588.
301
Calculate the remainder when 15777 is divided by 23.
22
Calculate the remainder when 313518 is divided by 156750.
18
Calculate the remainder when 2066 is divided by 986.
94
Calculate the remainder when 7669 is divided by 213.
1
Calculate the remainder when 125578 is divided by 125549.
29
What is the remainder when 2803 is divided by 37?
28
What is the remainder when 22215 is divided by 22204?
11
Calculate the remainder when 426 is divided by 198.
30
Calculate the remainder when 11875 is divided by 554.
241
Calculate the remainder when 339772 is divided by 6662.
10
Calculate the remainder when 9594 is divided by 27.
9
What is the remainder when 1666 is divided by 832?
2
What is the remainder when 2746 is divided by 29?
20
What is the remainder when 44048 is divided by 144?
128
What is the remainder when 32007 is divided by 10663?
18
What is the remainder when 3594 is divided by 221?
58
What is the remainder when 165822 is divided by 15?
12
What is the remainder when 7152 is divided by 7135?
17
What is the remainder when 127796 is divided by 199?
38
Calculate the remainder when 274623 is divided by 448.
447
Calculate the remainder when 250304 is divided by 185.
184
Calculate the remainder when 18933 is divided by 369.
114
What is the remainder when 55168 is divided by 52?
48
What is the remainder when 135921 is divided by 241?
238
What is the remainder when 6033 is divided by 201?
3
What is the remainder when 4228 is divided by 217?
105
What is the remainder when 1489856 is divided by 79?
74
Calculate the remainder when 11539 is divided by 124.
7
Calculate the remainder when 1624 is divided by 529.
37
What is the remainder when 135092 is divided by 13?
9
Calculate the remainder when 76708 is divided by 15.
13
What is the remainder when 4435 is divided by 841?
230
What is the remainder when 30086 is divided by 251?
217
What is the remainder when 169628 is divided by 182?
4
Calculate the remainder when 285693 is divided by 95218.
39
What is the remainder when 17999 is divided by 6?
5
What is the remainder when 247 is divided by 185?
62
What is the remainder when 3981 is divided by 2577?
1404
Calculate the remainder when 10578 is divided by 327.
114
Calculate the remainder when 855 is divided by 6.
3
What is the remainder when 5050 is divided by 77?
45
What is the remainder when 4527892 is divided by 59?
55
What is the remainder when 1274 is divided by 1095?
179
What is the remainder when 240600 is divided by 1467?
12
Calculate the remainder when 267526 is divided by 213.
211
What is the remainder when 650543 is divided by 123?
119
Calculate the remainder when 6527 is divided by 16.
15
What is the remainder when 51175 is divided by 460?
115
What is the remainder when 6318 is divided by 1202?
308
Calculate the remainder when 151138 is divided by 151132.
6
What is the remainder when 1554 is divided by 1484?
70
Calculate the remainder when 14514 is divided by 144.
114
Calculate the remainder when 210946 is divided by 15062.
78
What is the remainder when 6154 is divided by 1701?
1051
What is the remainder when 1213 is divided by 162?
79
Calculate the remainder when 1371 is divided by 454.
9
Calculate the remainder when 11207 is divided by 95.
92
What is the remainder when 5858 is divided by 417?
20
What is the remainder when 80171 is divided by 668?
11
What is the remainder when 145924 is divided by 47?
36
Calculate the remainder when 381095 is divided by 161.
8
Calculate the remainder when 14618 is divided by 532.
254
What is the remainder when 636893 is divided by 246?
245
Calculate the remainder when 83613 is divided by 474.
189
What is the remainder when 5978 is divided by 677?
562
Calculate the remainder when 25149 is divided by 43.
37
What is the remainder when 5691 is divided by 112?
91
What is the remainder when 6970 is divided by 7?
5
Calculate the remainder when 943 is divided by 932.
11
Calculate the remainder when 4658 is divided by 624.
290
What is the remainder when 390651 is divided by 198?
195
What is the remainder when 10848 is divided by 483?
222
What is the remainder when 7849 is divided by 312?
49
What is the remainder when 76136 is divided by 135?
131
What is the remainder when 143336 is divided by 143325?
11
Calculate the remainder when 908024 is divided by 66.
62
Calculate the remainder when 24935 is divided by 4984.
15
Calculate the remainder when 235426 is divided by 19.
16
What is the remainder when 90797 is divided by 80?
77
Calculate the remainder when 3749 is divided by 230.
69
What is the remainder when 35552 is divided by 405?
317
Calculate the remainder when 4143 is divided by 42.
27
What is the remainder when 304410 is divided by 191?
147
Calculate the remainder when 1045 is divided by 508.
29
Calculate the remainder when 57377 is divided by 139.
109
What is the remainder when 1018 is divided by 19?
11
Calculate the remainder when 3346 is divided by 979.
409
What is the remainder when 14679891 is divided by 1159?
1156
Calculate the remainder when 265449 is divided by 132.
129
What is the remainder when 2243 is divided by 328?
275
Calculate the remainder when 132530 is divided by 244.
38
What is the remainder when 4008 is divided by 268?
256
Calculate the remainder when 6111798 is divided by 50.
48
Calculate the remainder when 33294 is divided by 1094.
474
Calculate the remainder when 6084 is divided by 1009.
30
Calculate the remainder when 1044 is divided by 775.
269
What is the remainder when 289672 is divided by 42?
40
Calculate the remainder when 25694 is divided by 284.
134
What is the remainder when 1666 is divided by 1636?
30
Calculate the remainder when 3501 is divided by 868.
29
Calculate the remainder when 2821339 is divided by 24.
19
Calculate the remainder when 10373 is divided by 134.
55
What is the remainder when 99355 is divided by 236?
235
Calculate the remainder when 2711 is divided by 1071.
569
Calculate the remainder when 257973 is divided by 18.
15
What is the remainder when 3919 is divided by 1034?
817
What is the remainder when 846675 is divided by 1423?
1413
What is the remainder when 23801 is divided by 151?
94
What is the remainder when 748227 is divided by 249407?
6
Calculate the remainder when 213754 is divided by 117.
112
What